highest common factor of 94 and 1034?
94
What is the greatest common factor of 85 and 10?
5
Calculate the highest common factor of 324 and 66.
6
Calculate the highest common factor of 2755 and 10.
5
What is the highest common divisor of 596 and 8?
4
Calculate the highest common factor of 12 and 514.
2
What is the greatest common factor of 172 and 2279?
43
Calculate the highest common divisor of 30 and 105.
15
Calculate the highest common factor of 221 and 136.
17
What is the highest common factor of 285 and 190?
95
What is the greatest common factor of 35 and 55?
5
What is the greatest common factor of 9760 and 160?
160
Calculate the highest common factor of 266 and 228.
38
What is the greatest common factor of 7 and 9?
1
What is the greatest common divisor of 186 and 4619?
31
Calculate the greatest common divisor of 182 and 1586.
26
Calculate the highest common divisor of 7140 and 12.
12
What is the highest common factor of 4796 and 88?
44
What is the highest common factor of 8 and 16?
8
What is the greatest common divisor of 51 and 7?
1
Calculate the greatest common divisor of 34 and 578.
34
Calculate the greatest common factor of 272 and 629.
17
What is the greatest common divisor of 38 and 418?
38
What is the greatest common factor of 3672 and 2856?
408
Calculate the greatest common divisor of 58 and 36.
2
Calculate the greatest common divisor of 392 and 32.
8
Calculate the greatest common factor of 33 and 957.
33
What is the highest common divisor of 282 and 10575?
141
Calculate the greatest common factor of 19 and 171.
19
Calculate the greatest common factor of 2160 and 160.
80
Calculate the highest common factor of 1 and 397.
1
What is the highest common factor of 50 and 12?
2
What is the greatest common divisor of 44 and 1331?
11
Calculate the greatest common divisor of 495 and 963.
9
Calculate the highest common factor of 1015 and 175.
35
What is the highest common factor of 88 and 99?
11
Calculate the greatest common factor of 4386 and 3162.
102
What is the greatest common factor of 292 and 5767?
73
What is the greatest common factor of 360 and 45?
45
Calculate the greatest common factor of 26 and 819.
13
What is the highest common factor of 2277 and 132?
33
Calculate the highest common divisor of 260 and 30.
10
What is the greatest common factor of 498 and 6?
6
What is the greatest common divisor of 134 and 67?
67
What is the greatest common divisor of 9 and 24?
3
Calculate the greatest common divisor of 234 and 12402.
234
Calculate the highest common factor of 3 and 381.
3
What is the greatest common factor of 90 and 20?
10
What is the highest common factor of 16021 and 3031?
433
What is the highest common divisor of 693 and 1771?
77
Calculate the greatest common divisor of 224 and 7294.
14
Calculate the highest common factor of 60 and 2955.
15
What is the greatest common divisor of 108 and 351?
27
What is the highest common divisor of 32 and 96?
32
Calculate the greatest common divisor of 11 and 836.
11
What is the highest common divisor of 616 and 847?
77
Calculate the highest common divisor of 1004 and 44.
4
Calculate the greatest common factor of 66 and 2365.
11
Calculate the highest common divisor of 28 and 189.
7
Calculate the greatest common divisor of 112 and 469.
7
Calculate the highest common divisor of 47 and 12972.
47
Calculate the greatest common factor of 15 and 75.
15
Calculate the greatest common factor of 531 and 9.
9
Calculate the greatest common factor of 828 and 144.
36
What is the greatest common factor of 68 and 34?
34
Calculate the greatest common divisor of 11 and 143.
11
Calculate the greatest common factor of 493 and 68.
17
Calculate the greatest common divisor of 960 and 1455.
15
Calculate the highest common factor of 339 and 9.
3
Calculate the highest common factor of 11868 and 69.
69
What is the highest common divisor of 330 and 150?
30
Calculate the greatest common divisor of 376 and 240.
8
What is the greatest common divisor of 368 and 46?
46
What is the greatest common divisor of 158 and 11218?
158
Calculate the highest common factor of 15 and 2895.
15
What is the highest common divisor of 160 and 100?
20
What is the highest common factor of 26 and 52?
26
Calculate the greatest common divisor of 143 and 6149.
143
What is the greatest common divisor of 18 and 10422?
18
What is the highest common factor of 54 and 522?
18
What is the highest common factor of 6538 and 28?
14
What is the highest common divisor of 18 and 135?
9
Calculate the highest common divisor of 296 and 222.
74
What is the greatest common divisor of 162 and 12?
6
Calculate the greatest common divisor of 44 and 52.
4
Calculate the greatest common divisor of 262 and 4.
2
Calculate the greatest common divisor of 336 and 21.
21
Calculate the greatest common divisor of 95 and 57.
19
What is the highest common divisor of 8 and 308?
4
What is the greatest common factor of 294 and 735?
147
Calculate the highest common factor of 705 and 30.
15
Calculate the highest common divisor of 32 and 136.
8
Calculate the highest common factor of 450 and 576.
18
Calculate the greatest common divisor of 1408 and 512.
128
What is the greatest common divisor of 121 and 29161?
121
Calculate the greatest common divisor of 342 and 36.
18
Calculate the greatest common divisor of 54 and 12177.
27
Calculate the greatest common factor of 24 and 564.
12
Calculate the highest common divisor of 92 and 3151.
23
Calculate the highest common divisor of 1602 and 288.
18
Calculate the highest common divisor of 154 and 847.
77
Calculate the greatest common divisor of 110 and 20.
10
Calculate the greatest common factor of 176 and 16.
16
Calculate the highest common divisor of 731 and 119.
17
What is the greatest common divisor of 1670 and 230?
10
Calculate the greatest common divisor of 2445 and 15.
15
Calculate the greatest common factor of 116 and 75806.
58
What is the greatest common divisor of 690 and 92?
46
Calculate the highest common factor of 44 and 352.
44
What is the greatest common factor of 121 and 275?
11
What is the highest common factor of 57 and 111?
3
What is the highest common factor of 462 and 84?
42
What is the highest common factor of 5079 and 6?
3
What is the highest common divisor of 30836 and 13?
13
What is the highest common factor of 22 and 3091?
11
What is the highest common factor of 3 and 123?
3
What is the greatest common factor of 3857 and 87?
29
What is the highest common divisor of 12 and 396?
12
Calculate the greatest common divisor of 30 and 1125.
15
What is the greatest common factor of 15059 and 11?
11
What is the highest common factor of 87 and 9309?
87
What is the highest common factor of 250 and 1620?
10
Calculate the highest common divisor of 35 and 1295.
35
Calculate the highest common divisor of 86 and 129.
43
Calculate the greatest common divisor of 561 and 1479.
51
What is the highest common divisor of 415 and 581?
83
Calculate the highest common divisor of 70 and 40.
10
Calculate the greatest common factor of 24 and 2388.
12
What is the greatest common factor of 3713 and 376?
47
What is the greatest common factor of 630 and 570?
30
Calculate the greatest common factor of 38 and 1.
1
What is the greatest common factor of 28 and 44?
4
Calculate the greatest common factor of 15852 and 12.
12
What is the highest common factor of 11 and 6347?
11
What is the highest common divisor of 7 and 539?
7
What is the greatest common divisor of 912 and 6042?
114
What is the greatest common factor of 203 and 56?
7
Calculate the greatest common factor of 5170 and 94.
94
What is the highest common divisor of 27492 and 12?
12
What is the highest common factor of 182 and 56?
14
What is the greatest common factor of 2 and 236?
2
What is the greatest common factor of 45 and 72?
9
Calculate the greatest common factor of 2156 and 132.
44
What is the greatest common factor of 12 and 516?
12
What is the greatest common factor of 58 and 928?
58
What is the highest common factor of 220 and 154?
22
What is the highest common divisor of 1320 and 30?
30
What is the greatest common factor of 24 and 46?
2
What is the greatest common divisor of 15 and 165?
15
What is the highest common divisor of 20336 and 62?
62
Calculate the highest common divisor of 27 and